ultiple of 24?
False
Does 13 divide 3939?
True
Is 1118 a multiple of 26?
True
Does 25 divide 375?
True
Does 142 divide 5538?
True
Is 9027 a multiple of 54?
False
Does 73 divide 2482?
True
Is 6 a factor of 508?
False
Is 101712 a multiple of 48?
True
Is 6 a multiple of 3?
True
Is 288 a multiple of 48?
True
Is 2223 a multiple of 19?
True
Is 672 a multiple of 3?
True
Is 12 a factor of 552?
True
Is 10896 a multiple of 24?
True
Is 18 a factor of 3618?
True
Is 737 a multiple of 53?
False
Is 27938 a multiple of 13?
False
Is 12 a factor of 721?
False
Is 9 a factor of 837?
True
Is 264 a multiple of 6?
True
Is 12094 a multiple of 8?
False
Does 13 divide 2582?
False
Does 86 divide 6794?
True
Is 1828 a multiple of 12?
False
Is 281 a factor of 44823?
False
Is 55 a factor of 1409?
False
Does 14 divide 1554?
True
Does 51 divide 5790?
False
Is 5 a factor of 5980?
True
Is 11 a factor of 31405?
True
Does 17 divide 8415?
True
Does 49 divide 2428?
False
Is 4715 a multiple of 23?
True
Is 42003 a multiple of 97?
False
Is 16 a factor of 215?
False
Is 75 a factor of 42420?
False
Does 67 divide 4001?
False
Does 15 divide 6443?
False
Does 51 divide 1122?
True
Does 15 divide 20310?
True
Is 59 a factor of 8437?
True
Is 24 a factor of 7850?
False
Is 31 a factor of 310?
True
Is 27 a factor of 15903?
True
Is 53 a factor of 1440?
False
Is 5175 a multiple of 79?
False
Is 10 a factor of 740?
True
Is 840 a multiple of 15?
True
Is 16 a factor of 2696?
False
Is 47 a factor of 3182?
False
Does 15 divide 22337?
False
Is 24 a factor of 1454?
False
Is 5894 a multiple of 9?
False
Does 19 divide 779?
True
Is 624 a multiple of 24?
True
Does 48 divide 1680?
True
Does 83 divide 37446?
False
Is 27 a factor of 1167?
False
Is 23237 a multiple of 41?
False
Is 24252 a multiple of 23?
False
Does 17 divide 7038?
True
Is 1275 a multiple of 82?
False
Is 37 a factor of 10286?
True
Is 4 a factor of 4863?
False
Does 34 divide 1270?
False
Is 24 a factor of 624?
True
Is 24153 a multiple of 19?
False
Does 10 divide 3090?
True
Is 8430 a multiple of 8?
False
Is 15 a factor of 10338?
False
Does 150 divide 1257?
False
Is 6419 a multiple of 5?
False
Is 10 a factor of 17553?
False
Is 1430 a multiple of 22?
True
Is 47 a factor of 1128?
True
Is 1117 even?
False
Is 1230 a multiple of 10?
True
Is 1103 a multiple of 64?
False
Is 6 a factor of 318?
True
Is 50 a factor of 5200?
True
Is 11 a factor of 656?
False
Does 10 divide 550?
True
Is 432 a multiple of 36?
True
Is 19022 a multiple of 88?
False
Is 9 a factor of 2502?
True
Is 3458 a multiple of 5?
False
Is 15 a factor of 133537?
False
Is 1068 a multiple of 6?
True
Is 14 a factor of 2520?
True
Does 11 divide 634?
False
Does 3 divide 201?
True
Does 134 divide 5092?
True
Is 36 a factor of 1677?
False
Is 4665 a multiple of 15?
True
Is 14 a factor of 59092?
False
Is 4110 a multiple of 15?
True
Is 54 a factor of 510?
False
Does 31 divide 4402?
True
Does 6 divide 2358?
True
Does 23 divide 144210?
True
Does 30 divide 261?
False
Is 5 a factor of 127?
False
Is 84 a factor of 16632?
True
Is 55 a factor of 220?
True
Is 3 a factor of 2207?
False
Is 8 a factor of 184?
True
Is 12 a factor of 44244?
True
Is 10 a factor of 23854?
False
Is 574 a multiple of 28?
False
Does 82 divide 7708?
True
Is 27 a factor of 45496?
False
Is 27 a factor of 6959?
False
Is 1794 a multiple of 46?
True
Is 7 a factor of 2685?
False
Is 14 a factor of 574?
True
Is 3685 a multiple of 67?
True
Does 39 divide 546?
True
Does 53 divide 954?
True
Is 15 a factor of 5745?
True
Is 8 a factor of 804?
False
Is 1116 a multiple of 18?
True
Is 1285 a multiple of 99?
False
Does 16 divide 1363?
False
Is 1572 a multiple of 90?
False
Is 41 a factor of 2132?
True
Does 28 divide 476?
True
Is 18635 a multiple of 32?
False
Is 3156 a multiple of 10?
False
Is 455 a multiple of 3?
False
Does 18 divide 2649?
False
Does 21 divide 12117?
True
Is 48 a multiple of 22?
False
Does 21 divide 2077?
False
Is 18 a factor of 10426?
False
Is 91 a multiple of 7?
True
Is 536 a multiple of 3?
False
Is 12 a factor of 4741?
False
Is 1203 a multiple of 5?
False
Does 34 divide 6460?
True
Is 46 a factor of 38226?
True
Does 36 divide 93?
False
Is 31551 a multiple of 17?
False
Is 3 a factor of 378?
True
Is 4084 a multiple of 4?
True
Does 44 divide 26538?
False
Does 89 divide 356?
True
Is 103 a factor of 1179?
False
Is 43 a factor of 741?
False
Is 14560 a multiple of 38?
False
Is 6 a factor of 155?
False
Is 238 a multiple of 14?
True
Does 135 divide 1861?
False
Does 4 divide 12?
True
Does 24 divide 7822?
False
Is 35 a factor of 71295?
True
Is 406 a multiple of 14?
True
Is 13115 a multiple of 7?
False
Is 105 a factor of 1352?
False
Does 40 divide 1440?
True
Does 83 divide 3419?
False
Is 2264 a multiple of 55?
False
Is 18 a factor of 1656?
True
Does 32 divide 14564?
False
Is 74 a factor of 7030?
True
Is 13 a factor of 1436?
False
Does 103 divide 6695?
True
Is 9 a factor of 18927?
True
Is 8127 a multiple of 129?
True
Is 491 a multiple of 16?
False
Is 5297 a multiple of 10?
False
Is 1192 a multiple of 30?
False
Does 89 divide 5257?
False
Is 26 a factor of 748?
False
Does 15 divide 2243?
False
Does 31 divide 19615?
False
Does 36 divide 31248?
True
Is 238 a multiple of 28?
False
Is 13 a factor of 156?
True
Is 248 a factor of 5515?
False
Is 48 a factor of 24240?
True
Does 53 divide 689?
True
Is 16 a factor of 400?
True
Is 11 a factor of 1045?
True
Is 2891 a multiple of 65?
False
Is 17687 a multiple of 24?
False
Is 144536 a multiple of 28?
True
Does 44 divide 12232?
True
Does 59 divide 1298?
True
Is 245 a multiple of 8?
False
Is 2 a factor of 4845?
False
Is 71 a factor of 2698?
True
Does 4 divide 366?
False
Is 544 a multiple of 32?
True
Does 18 divide 5400?
True
Does 7 divide 511?
True
Is 81 a factor of 41087?
False
Is 4119 a multiple of 51?
False
Is 79732 a multiple of 11?
False
Is 6 a factor of 2954?
False
Is 29 a factor of 742?
False
Does 54 divide 368?
False
Is 386 a multiple of 14?
False
Does 13 divide 832?
True
Is 13608 a multiple of 189?
True
Is 4 a factor of 107?
False
Does 226 divide 36612?
True
Is 33 a factor of 469?
False
Is 3354 a multiple of 39?
True
Does 19 divide 1843?
True
Is 9 a factor of 12609?
True
Does 17 divide 31?
False
Is 1343 a multiple of 13?
False
Is 11 a factor of 1177?
True
Is 2473 a multiple of 7?
False
Does 34 divide 415?
False
Is 14 a multiple of 2?
True
Does 166 divide 10346?
False
Is 468 a multiple of 18?
True
Does 8 divide 4589?
False
Does 67 divide 8174?
True
Does 29 divide 45?
False
Is 228 a multiple of 12?
True
Does 27 divide 50613?
False
Does 6 divide 210?
True
Does 115 divide 10810?
True
Is 714 a multiple of 21?
True
Is 6 a factor of 7242?
True
Does 21 divide 1407?
True
Does 72 divide 5146?
False
Does 7 divide 1918?
True
Is 86 a factor of 7927?
False
Is 6 a factor of 24978?
True
Is 994 a multiple of 14?
True
Does 16 divide 560?
True
Is 8 a factor of 9319?
False
Is 40 a factor of 17376?
False
Is 25 a factor of 952?
False
Is 29 a factor of 1682?
True
Is 1564 a multiple of 46?
True
Does 19 divide 2698?
True
Is 759 a multiple of 23?
True
Does 36 divide 126?
False
Is 30 a factor of 12750?
True
Does 22 divide 381?
False
Is 70 a factor of 3080?
True
Is 29 a factor of 641?
False
Is 43 a factor of 2017?
False
Is 1380 a multiple of 115?
True
Is 1715 a multiple of 24?
False
Does 7 divide 13030?
False
Is 50 a factor of 3195?
False
Does 18 divide 1780?
False
Is 207 a factor of 14573?
False
Is 34882 a multiple of 5?
False
Does 75 divide 2700?
True
Is 120 a factor of 579?
False
Is 2379 a multiple of 61?
True
Does 150 divide 45346?
False
Is 11594 a multiple of 22?
True
Is 1292 a multiple of 34?
True
Is 67 a factor of 77653?
True
Is 91 a multiple of 8?
False
Is 18 a factor of 72?
True
Does 62 divide 2666?
True
Is 76 a factor of 5928?
True
Is 10 a factor of 456?
False
Is 2431 a multiple of 57?
False
Is 780 a multiple of 39?
True
Is 25 a factor of 21125?
True
Is 57 a factor of 3762?
True
Is 10142 a multiple of 22?
True
Is 1848 a multiple of 42?
True
Does 23 divide 23?
True
Is 19 a factor of 1203?
False
Does 12 divide 41688?
True
Does 92 divide 276?
True
Does 41 divide 25133?
True
Is 145 a factor of 1003?
False
Is 14 a factor of 4088?
True
Is 72 a factor of 416?
False
Does 11 divide 517?
True
Does 17 divide 1039?
False
Does 242 divide 48